10?
130
What is the highest common factor of 55 and 55?
55
What is the highest common factor of 64 and 22784?
64
Calculate the greatest common divisor of 184 and 460.
92
What is the greatest common divisor of 403 and 31?
31
Calculate the greatest common factor of 2678 and 91.
13
What is the highest common divisor of 63 and 84?
21
What is the highest common divisor of 5928 and 52?
52
What is the greatest common divisor of 80 and 140?
20
What is the greatest common factor of 12184 and 8?
8
What is the greatest common divisor of 240 and 1700?
20
What is the highest common divisor of 672 and 21?
21
What is the greatest common factor of 87 and 4002?
87
What is the greatest common divisor of 235 and 12361?
47
What is the highest common factor of 126 and 2898?
126
What is the highest common divisor of 154 and 1463?
77
What is the highest common factor of 1241 and 219?
73
What is the highest common divisor of 50 and 725?
25
Calculate the greatest common factor of 1192 and 24.
8
What is the greatest common factor of 1168 and 16?
16
What is the highest common divisor of 302 and 29747?
151
What is the highest common divisor of 235 and 15?
5
What is the greatest common factor of 200 and 350?
50
What is the highest common factor of 2780 and 20?
20
Calculate the greatest common divisor of 23 and 27.
1
What is the greatest common divisor of 7139 and 77?
11
What is the highest common factor of 15792 and 32?
16
What is the highest common factor of 174 and 290?
58
Calculate the greatest common factor of 425 and 75.
25
What is the highest common factor of 16 and 1184?
16
What is the greatest common divisor of 185 and 9065?
185
Calculate the greatest common divisor of 168 and 728.
56
Calculate the greatest common factor of 2673 and 81.
81
What is the highest common factor of 69 and 46?
23
What is the highest common factor of 11 and 10703?
11
Calculate the greatest common factor of 775 and 25.
25
What is the highest common divisor of 112 and 42?
14
Calculate the highest common factor of 4 and 418.
2
Calculate the greatest common divisor of 768 and 72.
24
Calculate the greatest common divisor of 3376 and 5486.
422
Calculate the highest common divisor of 651 and 336.
21
What is the highest common factor of 10 and 34?
2
Calculate the highest common factor of 444 and 777.
111
What is the highest common factor of 58 and 5858?
58
Calculate the highest common factor of 11286 and 1386.
198
Calculate the greatest common factor of 1738 and 22.
22
What is the highest common divisor of 295 and 2596?
59
Calculate the highest common factor of 157 and 1.
1
Calculate the highest common divisor of 266 and 76.
38
What is the greatest common divisor of 26 and 4550?
26
What is the greatest common factor of 1080 and 918?
54
What is the greatest common factor of 70 and 1510?
10
Calculate the greatest common divisor of 204 and 8.
4
Calculate the highest common factor of 5258 and 11.
11
Calculate the greatest common factor of 63 and 7.
7
Calculate the highest common divisor of 58750 and 25.
25
What is the highest common factor of 16 and 148?
4
What is the highest common divisor of 760 and 200?
40
Calculate the greatest common divisor of 576 and 160.
32
What is the highest common factor of 1886 and 820?
82
What is the highest common factor of 730 and 20?
10
What is the greatest common divisor of 1826 and 83?
83
Calculate the highest common factor of 37 and 962.
37
What is the greatest common factor of 1881 and 18?
9
What is the greatest common divisor of 26 and 1898?
26
Calculate the highest common factor of 2544 and 30.
6
What is the greatest common factor of 21 and 651?
21
What is the highest common factor of 85 and 43265?
85
What is the greatest common divisor of 12 and 1362?
6
What is the highest common factor of 39 and 117?
39
Calculate the greatest common divisor of 136 and 8.
8
What is the greatest common factor of 1071 and 315?
63
Calculate the highest common divisor of 75 and 275.
25
Calculate the highest common divisor of 2 and 538.
2
What is the greatest common factor of 231 and 429?
33
Calculate the greatest common divisor of 759 and 69.
69
What is the greatest common factor of 9 and 3?
3
Calculate the highest common divisor of 59 and 7198.
59
Calculate the greatest common divisor of 4016 and 16.
16
Calculate the highest common factor of 204 and 187.
17
Calculate the highest common factor of 414 and 144.
18
Calculate the greatest common divisor of 8 and 4152.
8
Calculate the greatest common divisor of 13 and 24713.
13
Calculate the highest common factor of 6 and 2334.
6
What is the highest common factor of 8 and 659?
1
Calculate the highest common factor of 1620 and 285.
15
Calculate the highest common factor of 156 and 26.
26
What is the greatest common factor of 38 and 2?
2
Calculate the highest common factor of 55 and 407.
11
What is the greatest common divisor of 396 and 3861?
99
Calculate the highest common divisor of 24 and 1470.
6
What is the highest common factor of 720 and 90?
90
What is the highest common factor of 336 and 7?
7
What is the greatest common factor of 1842 and 6?
6
What is the greatest common factor of 192 and 540?
12
Calculate the highest common divisor of 41 and 8159.
41
What is the highest common divisor of 231 and 154?
77
Calculate the greatest common divisor of 343 and 49.
49
Calculate the greatest common factor of 8 and 2.
2
What is the highest common divisor of 5005 and 154?
77
What is the greatest common factor of 1564 and 1088?
68
Calculate the greatest common divisor of 578 and 238.
34
What is the greatest common factor of 304 and 16?
16
What is the greatest common divisor of 33 and 143?
11
Calculate the greatest common factor of 18634 and 112.
14
What is the highest common divisor of 39 and 20553?
39
What is the greatest common divisor of 691 and 8?
1
What is the highest common divisor of 76 and 5263?
19
Calculate the greatest common divisor of 147 and 903.
21
What is the highest common factor of 4251 and 218?
109
What is the greatest common divisor of 9702 and 66?
66
What is the greatest common factor of 6 and 2154?
6
Calculate the highest common factor of 663 and 21.
3
Calculate the highest common divisor of 1458 and 18.
18
Calculate the highest common factor of 1849 and 129.
43
What is the greatest common factor of 2000 and 250?
250
Calculate the greatest common divisor of 105 and 13615.
35
What is the highest common factor of 1911 and 63?
21
What is the greatest common factor of 511 and 14?
7
What is the highest common divisor of 354 and 6?
6
What is the greatest common factor of 46 and 5336?
46
What is the highest common divisor of 8 and 54?
2
What is the greatest common divisor of 11 and 3817?
11
What is the greatest common divisor of 850 and 25?
25
What is the greatest common divisor of 680 and 100?
20
What is the greatest common divisor of 792 and 40?
8
What is the greatest common factor of 15 and 303?
3
What is the greatest common factor of 2304 and 18?
18
Calculate the highest common factor of 5696 and 192.
64
Calculate the greatest common divisor of 38 and 608.
38
What is the highest common factor of 249 and 415?
83
Calculate the highest common divisor of 20 and 60.
20
What is the greatest common factor of 3059 and 92?
23
Calculate the greatest common divisor of 312 and 8.
8
Calculate the greatest common divisor of 2694 and 6.
6
Calculate the highest common divisor of 483 and 84.
21
What is the greatest common factor of 243 and 63?
9
What is the greatest common factor of 152 and 418?
38
What is the highest common factor of 20 and 640?
20
Calculate the greatest common factor of 40 and 1080.
40
Calculate the highest common divisor of 4386 and 153.
51
What is the highest common divisor of 117 and 26?
13
Calculate the highest common factor of 292 and 292.
292
What is the greatest common factor of 23 and 138?
23
What is the highest common divisor of 162 and 108?
54
Calculate the greatest common factor of 22 and 418.
22
What is the greatest common divisor of 27 and 333?
9
What is the greatest common divisor of 23552 and 46?
46
Calculate the greatest common factor of 51 and 2006.
17
What is the highest common factor of 51 and 187?
17
What is the greatest common divisor of 33 and 440?
11
Calculate the highest common factor of 1927 and